ase 5) to base 8
272
4 (base 10) to base 4
10
-234 (base 5) to base 12
-59
Convert -1 (base 10) to base 15.
-1
What is 2 (base 14) in base 15?
2
What is -1 (base 9) in base 13?
-1
What is 13b (base 13) in base 2?
11011011
What is 2 (base 6) in base 8?
2
232 (base 5) to base 16
43
Convert 1211 (base 3) to base 13.
3a
Convert 2 (base 7) to base 13.
2
Convert -1 (base 14) to base 5.
-1
18 (base 10) to base 5
33
What is -1010 (base 2) in base 4?
-22
b8 (base 12) to base 11
118
Convert 1111 (base 2) to base 5.
30
Convert -10 (base 7) to base 10.
-7
What is 6 (base 16) in base 15?
6
What is -2 (base 3) in base 14?
-2
-23 (base 6) to base 15
-10
Convert 24 (base 7) to base 13.
15
32 (base 8) to base 14
1c
What is -111 (base 3) in base 14?
-d
What is 67 (base 12) in base 4?
1033
What is 0 (base 9) in base 14?
0
Convert -4 (base 5) to base 16.
-4
Convert -13 (base 5) to base 2.
-1000
What is 3 (base 4) in base 2?
11
Convert -2a (base 12) to base 7.
-46
115 (base 13) to base 14
d5
What is -13 (base 10) in base 14?
-d
What is 73 (base 8) in base 16?
3b
Convert -11 (base 6) to base 4.
-13
Convert 442 (base 7) to base 10.
226
-413 (base 5) to base 10
-108
1b (base 16) to base 4
123
What is 5 (base 7) in base 4?
11
What is -2 (base 8) in base 12?
-2
Convert 1110 (base 2) to base 15.
e
Convert 2a (base 11) to base 16.
20
Convert -71 (base 12) to base 16.
-55
What is 101 (base 13) in base 8?
252
What is 2 (base 14) in base 3?
2
11 (base 5) to base 12
6
What is -5 (base 9) in base 7?
-5
What is a9 (base 15) in base 8?
237
51 (base 10) to base 8
63
3 (base 9) to base 2
11
-1a (base 12) to base 9
-24
What is 51 (base 6) in base 15?
21
Convert -13 (base 5) to base 9.
-8
42 (base 7) to base 10
30
-10 (base 9) to base 4
-21
What is 60 (base 12) in base 3?
2200
What is 1 (base 7) in base 11?
1
-5 (base 7) to base 12
-5
Convert -425 (base 7) to base 5.
-1330
What is 8 (base 15) in base 16?
8
0 (base 5) to base 2
0
What is 110 (base 2) in base 13?
6
Convert -11 (base 16) to base 14.
-13
What is -35 (base 6) in base 2?
-10111
Convert -1 (base 9) to base 12.
-1
What is 124 (base 5) in base 4?
213
-5 (base 16) to base 3
-12
-d (base 14) to base 10
-13
What is 12 (base 12) in base 14?
10
Convert 5 (base 6) to base 15.
5
What is 0 (base 16) in base 11?
0
What is -6 (base 7) in base 12?
-6
What is 1043 (base 7) in base 14?
1ca
What is -2 (base 8) in base 15?
-2
63 (base 11) to base 9
76
Convert -22 (base 5) to base 13.
-c
9 (base 15) to base 6
13
Convert 14 (base 7) to base 12.
b
What is -6 (base 9) in base 15?
-6
Convert -5 (base 6) to base 4.
-11
Convert 11 (base 4) to base 10.
5
What is 232 (base 4) in base 5?
141
What is 4 (base 13) in base 10?
4
-2201 (base 3) to base 13
-58
Convert 211 (base 5) to base 4.
320
1021 (base 5) to base 10
136
What is -1022 (base 3) in base 7?
-50
Convert 1123 (base 5) to base 14.
b9
-156 (base 10) to base 7
-312
Convert -3 (base 11) to base 4.
-3
What is 2 (base 11) in base 4?
2
What is 30 (base 8) in base 4?
120
-11 (base 2) to base 4
-3
Convert 6 (base 13) to base 7.
6
5 (base 14) to base 13
5
What is -1 (base 13) in base 4?
-1
Convert 23 (base 5) to base 2.
1101
120 (base 5) to base 8
43
What is 1 (base 15) in base 12?
1
-92 (base 12) to base 5
-420
What is -6 (base 16) in base 9?
-6
Convert 2 (base 9) to base 14.
2
Convert -14 (base 13) to base 12.
-15
Convert 1 (base 6) to base 13.
1
Convert 310 (base 6) to base 5.
424
-3c (base 16) to base 9
-66
2 (base 13) to base 12
2
What is -3 (base 6) in base 15?
-3
Convert -6 (base 13) to base 2.
-110
Convert -11 (base 7) to base 2.
-1000
-43 (base 6) to base 11
-25
Convert -55 (base 16) to base 3.
-10011
What is 36 (base 7) in base 15?
1c
What is -10101 (base 2) in base 8?
-25
Convert -11 (base 4) to base 9.
-5
-97 (base 11) to base 5
-411
13 (base 6) to base 4
21
What is 9c (base 14) in base 2?
10001010
Convert -1c (base 14) to base 16.
-1a
Convert 211 (base 6) to base 13.
61
2 (base 3) to base 16
2
What is 1 (base 6) in base 8?
1
1 (base 10) to base 2
1
Convert 38 (base 13) to base 4.
233
8 (base 14) to base 9
8
Convert -2 (base 15) to base 4.
-2
Convert 19 (base 11) to base 12.
18
What is -50 (base 12) in base 7?
-114
0 (base 9) to base 15
0
What is -8 (base 14) in base 5?
-13
What is -20 (base 16) in base 10?
-32
What is -3 (base 12) in base 15?
-3
Convert 18 (base 12) to base 13.
17
Convert -4 (base 12) to base 11.
-4
11 (base 4) to base 13
5
Convert 250 (base 6) to base 16.
66
What is b (base 14) in base 6?
15
9 (base 12) to base 13
9
12210 (base 3) to base 6
420
Convert 5 (base 16) to base 13.
5
What is 2b (base 12) in base 11?
32
-210 (base 3) to base 6
-33
3f (base 16) to base 4
333
20 (base 7) to base 14
10
What is -24 (base 13) in base 15?
-20
32 (base 8) to base 13
20
What is -5 (base 11) in base 7?
-5
What is f (base 16) in base 15?
10
306 (base 9) to base 15
119
-2223 (base 4) to base 5
-1141
-55 (base 11) to base 9
-66
What is -3b (base 16) in base 3?
-2012
Convert -2 (base 13) to base 5.
-2
406 (base 9) to base 6
1310
Convert -20 (base 5) to base 14.
-a
-21201 (base 3) to base 6
-544
Convert 20 (base 10) to base 5.
40
-3 (base 15) to base 2
-11
Convert -3 (base 9) to base 7.
-3
-142 (base 6) to base 15
-42
217 (base 9) to base 13
109
5 (base 15) to base 3
12
What is -2 (base 7) in base 6?
-2
What is 116 (base 10) in base 6?
312
Convert -52 (base 9) to base 11.
-43
Convert -190 (base 12) to base 6.
-1100
What is -10 (base 4) in base 7?
-4
Convert 4d (base 14) to base 8.
105
What is -1 (base 13) in base 6?
-1
What is 23 (base 8) in base 10?
19
-1 (base 3) to base 8
-1
-8 (base 16) to base 10
-8
What is 15 (base 14) in base 8?
23
157 (base 8) to base 13
87
Convert -1100 (base 3) to base 7.
-51
Convert -177 (base 10) to base 9.
-216
What is 44 (base 12) in base 6?
124
1001000 (base 2) to base 10
72
What is 10 (base 3) in base 9?
3
Convert -9 (base 10) to base 9.
-10
-157 (base 8) to base 9
-133
What is 54 (base 12) in base 11?
59
What is 9 (base 16) in base 7?
12
What is 44 (base 5) in base 15?
19
Convert -121 (base 7) to base 5.
-224
Convert 144 (base 5) to base 12.
41
Convert 203 (base 4) to base 14.
27
Convert 24 (base 5) to base 8.
16
135 (base 6) to base 7
113
-11 (base 3) to base 2
-100
What is b (base 13) in base 11?
10
Convert -243 (base 5) to base 2.
-1001001
Convert 242 (base 6) to base 8.
142
Convert 13 (base 10) to base 5.
23
-1 (base 2) to base 8
-1
What is -106 (base 12) in base 5?
-1100
What is 2 (base 7) in base 8?
2
Convert -6 (base 7) to base 14.
-6
1 (base 7) to base 13
1
What is -113 (base 5) in base 4?
-201
1 (base 9) to base 7
1
Convert 22 (base 10) to base 5.
42
-11 (base 9) to base 14
-a
What is -1 (base 11) in base 8?
-1
-3 (base 13) to base 9
-3
Convert -19 (base 13) to base 8.
-26
Convert -4 (base 16) to base 7.
-4
Convert -11 (base 2) to base 3.
-10
What is 20 (base 13) in base 2?
11010
2 (base 11) to base 9
2
Convert -92 (base 12) to base 3.
-11002
Convert -1011 (base 4) to base 7.
-126
What is -92 (base 13) in base 2?
-1110111
What is 1011 (base 4) in base 15?
49
What is -1021 (base 3) in base 14?
-26
215 (base 12) to base 4
10301
What is -2 (base 3) in base 13?
-2
-9 (base 16) to base 8
-11
Convert 26 (base 13) to base 14.
24
-19 (base 16) to base 11
-23
2 (base 8) to base 4
2
What is -d (base 15) in base 6?
-21
-1010110 (base 2) to base 4
-1112
-26 (base 11) to base 13
-22
Convert 3 (base 16) to base 13.
3
Convert 2000 (base 3) to base 13.
42
What is -467 (base 8) in base 6?
-1235
What is a (base 15) in base 2?
1010
What is -1 (base 5) in base 9?
-1
1001 (base 2) to base 12
9
What is -95 (base 13) in base 14?
-8a
What is -10100110 (base 2) in base 3?
-20011
What is 19 (base 16) in base 8?
31
Convert 5 (base 6) to base 9.
5
-12 (base 10) to base 14
-c
3 (base 16) to base 8
3
What is 12 (base 9) in base 3?
102
-23 (base 4) to base 8
-13
Convert -13 (base 4) to base 2.
-111
Convert 6 (base 10) to base 15.
6
1b (base 14) to base 9
27
What is -4 (base 9) in base 4?
-10
Convert -10 (base 3) to base 9.
-3
-100 (base 8) to base 13
-4c
-220 (base 4) to base 15
-2a
48 (base 9) to base 15
2e
What is 84 (base 15) in base 10?
124
73 (base 9) to base 5
231
What is 133 (base 9) in base 13?
87
0 (base 2) to base 14
0
1 (base 5) to base 14
1
Convert -9 (base 11)